emainder when 22683 is divided by 19?
16
What is the remainder when 1301 is divided by 42?
41
Calculate the remainder when 1064 is divided by 62.
10
What is the remainder when 477 is divided by 100?
77
What is the remainder when 10617 is divided by 193?
2
Calculate the remainder when 3433 is divided by 171.
13
Calculate the remainder when 55 is divided by 29.
26
Calculate the remainder when 18 is divided by 6.
0
What is the remainder when 190 is divided by 152?
38
What is the remainder when 444 is divided by 431?
13
What is the remainder when 340 is divided by 19?
17
What is the remainder when 844 is divided by 305?
234
What is the remainder when 726 is divided by 441?
285
What is the remainder when 1163 is divided by 354?
101
What is the remainder when 152 is divided by 14?
12
Calculate the remainder when 643 is divided by 82.
69
Calculate the remainder when 800 is divided by 217.
149
What is the remainder when 880 is divided by 120?
40
Calculate the remainder when 1243 is divided by 147.
67
What is the remainder when 80 is divided by 8?
0
What is the remainder when 377 is divided by 94?
1
Calculate the remainder when 215 is divided by 37.
30
Calculate the remainder when 25 is divided by 11.
3
What is the remainder when 737 is divided by 19?
15
What is the remainder when 111 is divided by 111?
0
What is the remainder when 1930 is divided by 42?
40
What is the remainder when 273 is divided by 69?
66
What is the remainder when 1390 is divided by 172?
14
What is the remainder when 96 is divided by 49?
47
What is the remainder when 1749 is divided by 434?
13
Calculate the remainder when 653 is divided by 68.
41
Calculate the remainder when 1078 is divided by 206.
48
Calculate the remainder when 2085 is divided by 18.
15
Calculate the remainder when 146 is divided by 21.
20
Calculate the remainder when 2009 is divided by 168.
161
Calculate the remainder when 195 is divided by 103.
92
What is the remainder when 349 is divided by 93?
70
Calculate the remainder when 238 is divided by 60.
58
Calculate the remainder when 314 is divided by 106.
102
What is the remainder when 385 is divided by 27?
7
Calculate the remainder when 2588 is divided by 14.
12
Calculate the remainder when 6802 is divided by 93.
13
What is the remainder when 97 is divided by 27?
16
Calculate the remainder when 33 is divided by 17.
16
Calculate the remainder when 585 is divided by 95.
15
Calculate the remainder when 778 is divided by 39.
37
What is the remainder when 925 is divided by 32?
29
What is the remainder when 144 is divided by 37?
33
What is the remainder when 347 is divided by 67?
12
Calculate the remainder when 3148 is divided by 137.
134
Calculate the remainder when 85 is divided by 9.
4
Calculate the remainder when 193 is divided by 62.
7
Calculate the remainder when 273 is divided by 56.
49
Calculate the remainder when 62 is divided by 27.
8
Calculate the remainder when 1795 is divided by 72.
67
What is the remainder when 41 is divided by 33?
8
Calculate the remainder when 107 is divided by 23.
15
Calculate the remainder when 983 is divided by 9.
2
Calculate the remainder when 273 is divided by 71.
60
What is the remainder when 481 is divided by 177?
127
What is the remainder when 1011 is divided by 33?
21
Calculate the remainder when 43 is divided by 16.
11
What is the remainder when 134 is divided by 36?
26
Calculate the remainder when 651 is divided by 131.
127
Calculate the remainder when 527 is divided by 109.
91
What is the remainder when 107 is divided by 39?
29
What is the remainder when 4165 is divided by 111?
58
Calculate the remainder when 86 is divided by 15.
11
Calculate the remainder when 174 is divided by 59.
56
What is the remainder when 264 is divided by 92?
80
Calculate the remainder when 699 is divided by 14.
13
What is the remainder when 380 is divided by 80?
60
Calculate the remainder when 1519 is divided by 39.
37
Calculate the remainder when 257 is divided by 37.
35
Calculate the remainder when 33 is divided by 17.
16
What is the remainder when 2043 is divided by 128?
123
Calculate the remainder when 235 is divided by 22.
15
What is the remainder when 167 is divided by 41?
3
What is the remainder when 635 is divided by 24?
11
What is the remainder when 12955 is divided by 316?
315
What is the remainder when 549 is divided by 69?
66
Calculate the remainder when 125 is divided by 14.
13
What is the remainder when 625 is divided by 85?
30
Calculate the remainder when 34 is divided by 24.
10
What is the remainder when 234 is divided by 34?
30
What is the remainder when 81 is divided by 27?
0
Calculate the remainder when 21 is divided by 4.
1
Calculate the remainder when 2161 is divided by 23.
22
What is the remainder when 34 is divided by 21?
13
What is the remainder when 14067 is divided by 11?
9
Calculate the remainder when 881 is divided by 125.
6
Calculate the remainder when 273 is divided by 119.
35
What is the remainder when 258 is divided by 224?
34
What is the remainder when 827 is divided by 411?
5
Calculate the remainder when 645 is divided by 21.
15
What is the remainder when 141 is divided by 137?
4
Calculate the remainder when 1094 is divided by 217.
9
What is the remainder when 19 is divided by 14?
5
What is the remainder when 78 is divided by 23?
9
What is the remainder when 127 is divided by 13?
10
Calculate the remainder when 60702 is divided by 57.
54
What is the remainder when 59 is divided by 6?
5
What is the remainder when 278 is divided by 116?
46
What is the remainder when 67 is divided by 32?
3
What is the remainder when 20 is divided by 14?
6
Calculate the remainder when 112 is divided by 45.
22
Calculate the remainder when 303 is divided by 106.
91
Calculate the remainder when 34 is divided by 29.
5
What is the remainder when 303 is divided by 63?
51
Calculate the remainder when 2625 is divided by 203.
189
What is the remainder when 112 is divided by 105?
7
What is the remainder when 303 is divided by 113?
77
What is the remainder when 126 is divided by 93?
33
What is the remainder when 3399 is divided by 9?
6
What is the remainder when 371 is divided by 36?
11
Calculate the remainder when 13661 is divided by 99.
98
What is the remainder when 257 is divided by 79?
20
Calculate the remainder when 83 is divided by 12.
11
Calculate the remainder when 423 is divided by 164.
95
What is the remainder when 15 is divided by 8?
7
What is the remainder when 555 is divided by 3?
0
What is the remainder when 143 is divided by 12?
11
What is the remainder when 151 is divided by 63?
25
Calculate the remainder when 51 is divided by 22.
7
Calculate the remainder when 400 is divided by 95.
20
What is the remainder when 460 is divided by 33?
31
Calculate the remainder when 121 is divided by 29.
5
Calculate the remainder when 83 is divided by 42.
41
What is the remainder when 113 is divided by 102?
11
Calculate the remainder when 2557 is divided by 20.
17
Calculate the remainder when 44 is divided by 22.
0
Calculate the remainder when 120 is divided by 55.
10
Calculate the remainder when 1141 is divided by 453.
235
What is the remainder when 65 is divided by 21?
2
What is the remainder when 168 is divided by 93?
75
What is the remainder when 64 is divided by 32?
0
Calculate the remainder when 1941 is divided by 64.
21
Calculate the remainder when 103 is divided by 21.
19
Calculate the remainder when 91 is divided by 32.
27
Calculate the remainder when 144 is divided by 26.
14
Calculate the remainder when 85 is divided by 9.
4
What is the remainder when 121 is divided by 42?
37
Calculate the remainder when 208 is divided by 14.
12
Calculate the remainder when 261 is divided by 26.
1
Calculate the remainder when 2033 is divided by 84.
17
What is the remainder when 425 is divided by 140?
5
What is the remainder when 78 is divided by 11?
1
Calculate the remainder when 207 is divided by 31.
21
Calculate the remainder when 2717 is divided by 136.
133
Calculate the remainder when 400 is divided by 29.
23
What is the remainder when 87 is divided by 20?
7
Calculate the remainder when 11920 is divided by 53.
48
What is the remainder when 603 is divided by 8?
3
What is the remainder when 39 is divided by 27?
12
Calculate the remainder when 722 is